late the highest common factor of f and k.
8
Let q = -109 - -739. Suppose 13*m - q - 33 = 0. What is the greatest common factor of 68 and m?
17
Suppose -2*x = 0, 5*x + 8 + 22 = 5*a. Let y be (0 - 21/6)*-6. What is the highest common divisor of a and y?
3
Let g = 17402 - 17181. What is the greatest common divisor of 91 and g?
13
Let i = 7240 + -6556. What is the greatest common factor of i and 96?
12
Let g be -4 - ((-2)/4)/(3092/(-344) + 9). What is the greatest common divisor of g and 3146?
13
Suppose -85*q = -70*q - 15502 - 2348. What is the greatest common divisor of q and 85?
85
Let m(x) = -4*x**2 + 89*x - 61. Let a be m(21). Calculate the greatest common divisor of 3124 and a.
44
Let i(o) = 23*o**2 + 1387 - 700 - 12*o - 706. Let u be i(5). What is the highest common factor of 16 and u?
16
Suppose 4*y - 12168 = 4*c, -116*c + 121*c - 6105 = -2*y. Calculate the highest common divisor of y and 245.
35
Let q(h) = h**3 + 5*h**2 - 4*h**2 - 6*h**2 + 5*h. Let f be q(6). Suppose -8*m = -11*m + 132. Calculate the greatest common factor of m and f.
22
Suppose x - 65 = -4*y, -4*x - 7 - 5 = 0. Let u = y + 95. What is the highest common divisor of u and 14?
14
Suppose -o = -4*k - 159, 11*o + 4*k = 14*o - 445. Calculate the greatest common divisor of 403 and o.
13
Let v = 3566 + -3503. What is the greatest common factor of 99 and v?
9
Let j = 4840 - 4466. What is the greatest common factor of j and 238?
34
Suppose 0 = 12*j + 124*j - 261120. What is the greatest common divisor of 30 and j?
30
Let p(a) = -151*a - 128. Let b be p(-18). What is the greatest common factor of b and 148?
74
Let x be -4*((-2)/5 - 243/180) - -35. Let u = -4 + 7. Suppose 8*k - 128 = u*k - 3*y, 32 = k - y. Calculate the greatest common divisor of x and k.
14
Let d be 3168/120 + (-1 - 16/(-10)). Suppose 39*b - 36*b = d. Let h = 33 + -15. Calculate the greatest common factor of h and b.
9
Let q(c) = c + 45. Let n be q(0). Let i = n - 41. Suppose 0 = 2*r + s - 20, -s - 32 = -i*r + s. What is the highest common divisor of 9 and r?
9
Let d = -1847 + 1859. Let x be -6*1 - 0/(-2). Let z be x*(-7)/(-2)*d/(-4). Calculate the highest common factor of z and 9.
9
Suppose -75*h + 32*h = -21*h - 4752. What is the highest common divisor of 120 and h?
24
Suppose 0 = 3*j - 56 - 1249. Suppose -75 + j = 10*p. Calculate the greatest common factor of p and 576.
36
Suppose 5*s - 25572 - 39049 = 3*j, 3*s = -5*j + 38725. What is the greatest common divisor of 85 and s?
85
Let q = -143 - -235. Suppose 33*f + 62*f = 27*f + 272. Calculate the highest common divisor of f and q.
4
Let l(w) = -w**3 + 76*w**2 + 137*w. Let v be l(76). What is the highest common factor of 38 and v?
38
Let n = -144 + 162. Let a be 20/(-15)*81/(-2). Let i = 56 - a. Calculate the highest common divisor of n and i.
2
Let c = 165 + 90. Suppose 5*g = 1005 + c. Calculate the greatest common factor of g and 24.
12
Suppose 2*g - p = 2015, -149*p + 4031 = 4*g - 150*p. Calculate the greatest common factor of 112 and g.
112
Suppose -5*j + 20 = 4*r - 6*j, j + 24 = 5*r. Let n be 1676/14 - 6/(-21). Let v = 184 - n. Calculate the highest common factor of r and v.
4
Let p be (-2 + 0)/(245/84 - 3). Let b(k) = 2*k**3 - 4*k**2 + 6. Let s be b(5). What is the greatest common factor of s and p?
12
Let g(d) = -d**3 - 47*d**2 + 143*d + 61. Let c be g(-50). Calculate the greatest common factor of 548 and c.
137
Let b(t) = -66*t**2 + 271*t - 4. Let f be b(4). What is the highest common factor of f and 5628?
12
Let z(y) = 9*y**2 - 69*y + 66. Let d be z(-21). What is the greatest common divisor of d and 12?
12
Let h(k) = -2*k**2 + 8*k + 31. Let o be h(6). Suppose o*i = 410 + 24. Calculate the greatest common factor of i and 186.
62
Let t(o) = 15*o + 72. Let d be t(-4). Suppose -d = 11*m - 243. Calculate the greatest common divisor of m and 28.
7
Suppose -16 = 5*j - 41. Suppose 5*z - 28 - 27 = -5*m, j*m - 2*z = 48. Let c be -3*(-30)/9*1/1. Calculate the highest common factor of m and c.
10
Let f be (0 - (-71)/2) + 10/20. Let l be f - (-4 + (0 - 0)). Suppose -68 = -s + l. Calculate the highest common divisor of 12 and s.
12
Let f = 24614 + -24565. Let c(o) = 2*o**3 - o**2 - 3*o + 1. Let n be c(2). What is the highest common factor of f and n?
7
Let b(y) = 6*y**2 + 8*y + 1. Suppose 5*q + 5*d + 16 = 9*d, 0 = -2*d - 2. Let a be b(q). Let i = -17 + a. What is the greatest common factor of i and 192?
48
Let k be 4/6 + (-390)/(-9). Let b = k - 32. What is the greatest common factor of b and 42?
6
Suppose 3*w = 4*v + 5, 0 = 4*w + 6*v - 2*v - 16. Suppose -2*q - 5*a + 39 = 0, 8 = -4*q + w*q + 3*a. What is the greatest common factor of q and 175?
7
Let q = -25918 - -26033. Suppose -5*c + c + 184 = 0. Calculate the greatest common factor of c and q.
23
Let q be (((-14)/(-21))/(4 - 2))/((-2)/(-216)). Suppose -2*u - 2*u = -288. What is the highest common factor of q and u?
36
Let n(c) = 4*c + 398. Let l be n(-23). Calculate the greatest common divisor of l and 68.
34
Suppose 31*l = -15365 + 2531. Let j = 418 + l. What is the greatest common factor of j and 44?
4
Suppose 228 = b - 2*o + 34, 0 = -3*b - o + 638. Calculate the highest common factor of b and 658.
14
Suppose 0 = -812*i + 788*i + 153 - 33. Let v be (-4 + -4)/((-2)/40). Calculate the greatest common divisor of v and i.
5
Suppose -14*t + 4*f - 1002 = -12*t, -t - 2*f = 509. Let r = 438 - t. Calculate the greatest common factor of 41 and r.
41
Let f be 6/(-27) + ((-2576)/(-9))/(-8). Let y(k) = k + 2. Let w be y(-4). Let l be ((-18)/f)/(w/(-684)). What is the highest common divisor of 19 and l?
19
Let g be 424 + (1 + -2 - -2). Let a be 1*3*((-8)/(-36) + 1421/261). What is the highest common factor of g and a?
17
Suppose 282 = 8*x - 5*p, 0 = 136*x - 140*x + 3*p + 146. Let l(j) = 15*j**2 - 5*j + 1. Let h be l(-4). Calculate the highest common divisor of h and x.
29
Suppose 174*b - 32568 = -125*b + 2415. Let q be (234/5)/3*5. Calculate the greatest common divisor of q and b.
39
Let v be (12/(-14))/((-2)/(-10))*21. Let j = v - -166. What is the greatest common factor of j and 19?
19
Suppose -3*z - 4*t - 4 = 6, 0 = -z + t + 6. Let b be -48 - (z - (0 + -2)). Let a = b + 83. What is the highest common divisor of a and 341?
31
Let z be ((-27)/81)/(((-1)/(-3))/1). Let b = z + 3. Suppose -2*a + 44 = 3*k - 19, -b*k - 118 = -4*a. What is the highest common factor of 270 and a?
30
Let x = 24698 + -24513. What is the highest common divisor of 37 and x?
37
Let d(s) = -s**3 - 29*s**2 - 103*s - 74. Let j be d(-25). Let n be (-1)/1 - (-42 + 0). Let f = n - j. Calculate the highest common factor of 100 and f.
20
Let v be (-60)/(-4)*2/(-3). Let o(k) = k**2 + k - 72. Let i be o(v). What is the greatest common factor of 288 and i?
18
Let k = -85 - -121. Suppose 17*m - k = 8*m. Suppose 3*i - 1093 = n, -m*i + 5*n + 1825 = i. What is the highest common divisor of i and 52?
52
Suppose 34112*h = 34104*h + 784. What is the highest common divisor of h and 9261?
49
Let a(i) = -i**3 - 10*i**2 - 50*i + 70. Let o be a(-17). What is the greatest common divisor of 109 and o?
109
Suppose 2*s + 5*h + 1 = s, 3*h + 9 = 0. Suppose s*b - 2515 = 1181. Suppose 0 = 18*j - 6*j - b. What is the greatest common divisor of j and 66?
22
Suppose 243096 = 84*v - 28*v - 94584. What is the greatest common divisor of 90 and v?
90
Let o(q) = 42*q + 253. Let a be o(9). Suppose 12*t - a = -31. Let u(s) = s**3 - s + 5. Let l be u(5). Calculate the highest common factor of t and l.
25
Suppose 4 - 25 = -3*m. Suppose m*a + 392 = 21*a. Calculate the greatest common divisor of a and 644.
28
Let j(q) = 180*q**2 - 2*q + 1. Let y be j(1). Let g = 387 - y. Suppose 0 = a + 4, -5*r - a + 163 = -g. What is the greatest common divisor of 25 and r?
25
Suppose -1 = 2*s - i - 9, 0 = 5*i - 20. Suppose 31*c = -s*c + 925. Let f be 104/10 + 6/(-15). What is the highest common factor of c and f?
5
Suppose 77*u - 790 = -2*u. What is the highest common factor of u and 290?
10
Let n(a) = -a**3 + 16*a**2 + a - 22. Let f be n(16). Let m be (-2)/(-3) + ((-788)/f - 1). Let r = m + 245. Calculate the highest common factor of 47 and r.
47
Let f = -3090 + 3098. What is the highest common factor of 314 and f?
2
Suppose 4558 = 9*s + s + 33*s. What is the highest common divisor of 3074 and s?
106
Let s(i